{"version":"1.0","provider_name":"Bat\u0131 Trakya Haber","provider_url":"https:\/\/batitrakya.live","author_name":"tamer","author_url":"https:\/\/batitrakya.live\/index.php\/author\/tamer\/","title":"Mastanl\u0131 Az\u0131nl\u0131k \u0130lkokulu korona vakas\u0131 nedeniyle kapand\u0131...","type":"rich","width":600,"height":338,"html":"<blockquote class=\"wp-embedded-content\" data-secret=\"FA3xt3hpqG\"><a href=\"https:\/\/batitrakya.live\/index.php\/mastanli-azinlik-ilkokulu-korona-vakasi-nedeniyle-kapandi\/\">Mastanl\u0131 Az\u0131nl\u0131k \u0130lkokulu korona vakas\u0131 nedeniyle kapand\u0131&#8230;<\/a><\/blockquote><iframe sandbox=\"allow-scripts\" security=\"restricted\" src=\"https:\/\/batitrakya.live\/index.php\/mastanli-azinlik-ilkokulu-korona-vakasi-nedeniyle-kapandi\/embed\/#?secret=FA3xt3hpqG\" width=\"600\" height=\"338\" title=\"&#8220;Mastanl\u0131 Az\u0131nl\u0131k \u0130lkokulu korona vakas\u0131 nedeniyle kapand\u0131&#8230;&#8221; &#8212; Bat\u0131 Trakya Haber\" data-secret=\"FA3xt3hpqG\" frameborder=\"0\" marginwidth=\"0\" marginheight=\"0\" scrolling=\"no\" class=\"wp-embedded-content\"><\/iframe><script type=\"text\/javascript\">\n\/* <![CDATA[ *\/\n\/*! This file is auto-generated *\/\n!function(d,l){\"use strict\";l.querySelector&&d.addEventListener&&\"undefined\"!=typeof URL&&(d.wp=d.wp||{},d.wp.receiveEmbedMessage||(d.wp.receiveEmbedMessage=function(e){var t=e.data;if((t||t.secret||t.message||t.value)&&!\/[^a-zA-Z0-9]\/.test(t.secret)){for(var s,r,n,a=l.querySelectorAll('iframe[data-secret=\"'+t.secret+'\"]'),o=l.querySelectorAll('blockquote[data-secret=\"'+t.secret+'\"]'),c=new RegExp(\"^https?:$\",\"i\"),i=0;i<o.length;i++)o[i].style.display=\"none\";for(i=0;i<a.length;i++)s=a[i],e.source===s.contentWindow&&(s.removeAttribute(\"style\"),\"height\"===t.message?(1e3<(r=parseInt(t.value,10))?r=1e3:~~r<200&&(r=200),s.height=r):\"link\"===t.message&&(r=new URL(s.getAttribute(\"src\")),n=new URL(t.value),c.test(n.protocol))&&n.host===r.host&&l.activeElement===s&&(d.top.location.href=t.value))}},d.addEventListener(\"message\",d.wp.receiveEmbedMessage,!1),l.addEventListener(\"DOMContentLoaded\",function(){for(var e,t,s=l.querySelectorAll(\"iframe.wp-embedded-content\"),r=0;r<s.length;r++)(t=(e=s[r]).getAttribute(\"data-secret\"))||(t=Math.random().toString(36).substring(2,12),e.src+=\"#?secret=\"+t,e.setAttribute(\"data-secret\",t)),e.contentWindow.postMessage({message:\"ready\",secret:t},\"*\")},!1)))}(window,document);\n\/\/# sourceURL=https:\/\/batitrakya.live\/wp-includes\/js\/wp-embed.min.js\n\/* ]]> *\/\n<\/script>\n","thumbnail_url":"https:\/\/batitrakya.live\/wp-content\/uploads\/2020\/10\/Mastanliilkokulu.jpg","thumbnail_width":720,"thumbnail_height":348,"description":"G\u00fcm\u00fclcine\u2019nin Mastanl\u0131 Az\u0131nl\u0131k \u0130lkokulu\u2019nda e\u011fitim veren Yunanl\u0131 bayan \u00f6\u011frenmenin yeni tip koronavir\u00fcs (Kovid-19) salg\u0131n\u0131na yakalanmas\u0131 nedeniyle okul bir s\u00fcreli\u011fine kapat\u0131ld\u0131. Al\u0131nan bilgiler do\u011frultusunda bayan \u00f6\u011fretmenin Kovid-19 testi pozitif \u00e7\u0131kmas\u0131 sonras\u0131nda Mastanl\u0131 Az\u0131nl\u0131k \u0130lkokulu idaresi, \u00f6\u011frenci velilere okulun 13 Ekim tarihine ge\u00e7ici olarak kapand\u0131\u011f\u0131n\u0131 duyurdu. Kovid-19 te\u015fhisi konulan \u00f6\u011fretmen karantinaya al\u0131n\u0131rken okul idaresi, \u00f6\u011frencilere ve velilere &hellip;"}

Batı Trakya Haber

Mastanlı Azınlık İlkokulu korona vakası nedeniyle kapandı...

<blockquote class="wp-embedded-content" data-secret="FA3xt3hpqG"><a href="https://batitrakya.live/index.php/mastanli-azinlik-ilkokulu-korona-vakasi-nedeniyle-kapandi/">Mastanlı Azınlık İlkokulu korona vakası nedeniyle kapandı&#8230;</a></blockquote><iframe sandbox="allow-scripts" security="restricted" src="https://batitrakya.live/index.php/mastanli-azinlik-ilkokulu-korona-vakasi-nedeniyle-kapandi/embed/#?secret=FA3xt3hpqG" width="600" height="338" title="&#8220;Mastanlı Azınlık İlkokulu korona vakası nedeniyle kapandı&#8230;&#8221; &#8212; Batı Trakya Haber" data-secret="FA3xt3hpqG" frameborder="0" marginwidth="0" marginheight="0" scrolling="no" class="wp-embedded-content"></iframe><script type="text/javascript">
/* <![CDATA[ */
/*! This file is auto-generated */
!function(d,l){"use strict";l.querySelector&&d.addEventListener&&"undefined"!=typeof URL&&(d.wp=d.wp||{},d.wp.receiveEmbedMessage||(d.wp.receiveEmbedMessage=function(e){var t=e.data;if((t||t.secret||t.message||t.value)&&!/[^a-zA-Z0-9]/.test(t.secret)){for(var s,r,n,a=l.querySelectorAll('iframe[data-secret="'+t.secret+'"]'),o=l.querySelectorAll('blockquote[data-secret="'+t.secret+'"]'),c=new RegExp("^https?:$","i"),i=0;i<o.length;i++)o[i].style.display="none";for(i=0;i<a.length;i++)s=a[i],e.source===s.contentWindow&&(s.removeAttribute("style"),"height"===t.message?(1e3<(r=parseInt(t.value,10))?r=1e3:~~r<200&&(r=200),s.height=r):"link"===t.message&&(r=new URL(s.getAttribute("src")),n=new URL(t.value),c.test(n.protocol))&&n.host===r.host&&l.activeElement===s&&(d.top.location.href=t.value))}},d.addEventListener("message",d.wp.receiveEmbedMessage,!1),l.addEventListener("DOMContentLoaded",function(){for(var e,t,s=l.querySelectorAll("iframe.wp-embedded-content"),r=0;r<s.length;r++)(t=(e=s[r]).getAttribute("data-secret"))||(t=Math.random().toString(36).substring(2,12),e.src+="#?secret="+t,e.setAttribute("data-secret",t)),e.contentWindow.postMessage({message:"ready",secret:t},"*")},!1)))}(window,document);
//# sourceURL=https://batitrakya.live/wp-includes/js/wp-embed.min.js
/* ]]> */
</script>

Gümülcine’nin Mastanlı Azınlık İlkokulu’nda eğitim veren Yunanlı bayan öğrenmenin yeni tip koronavirüs (Kovid-19) salgınına yakalanması nedeniyle okul bir süreliğine kapatıldı. Alınan bilgiler doğrultusunda bayan öğretmenin Kovid-19 testi pozitif çıkması sonrasında Mastanlı Azınlık İlkokulu idaresi, öğrenci velilere okulun 13 Ekim tarihine geçici olarak kapandığını duyurdu. Kovid-19 teşhisi konulan öğretmen karantinaya alınırken okul idaresi, öğrencilere ve velilere &hellip;
